905 - -12317. What is the thousands digit of x?
6
Suppose -3*n = -5*j + 195, 173 = 4*j + 4*n - 3*n. Let h = 46 - j. Suppose -t + 386 = 3*x + h*t, 8 = -4*t. What is the units digit of x?
2
Let y(r) be the first derivative of -r**4/4 - 3*r**3 + 10*r**2 + 3*r - 63. Let j = -2 + -9. What is the tens digit of y(j)?
2
Let m(g) = 485*g**3 - g**2 - g + 1. Suppose 0 = n - 4, -t + 4 - 11 = -2*n. Let f be m(t). Suppose 5*a - 601 = f. What is the units digit of a?
7
Suppose -2*v = 4*t - 98264, 18*t - 10*t = 2*v + 196564. What is the tens digit of t?
6
Suppose 3*o + 2*o + 15 = 0, -4*c + 5*o = -43. Suppose -c*l - 18*l + 15325 = 0. What is the hundreds digit of l?
6
Suppose 56*k - 397657 = -21*k - 151180. What is the thousands digit of k?
3
Let j = -149 + 149. Suppose 33*m - 34*m + 113 = j. What is the tens digit of m?
1
Suppose k - j - 4*j - 9 = 0, -3*k + j = -13. Let i(n) = 6*n**2 + 8*n**2 + n - 9*n**2 + 5*n + k - n**3. What is the units digit of i(6)?
4
Suppose 20 = 4*n - 2*n. Let s = 12 - n. Suppose -2*h + 135 = s*d + 3*h, 0 = 5*d + 5*h - 300. What is the tens digit of d?
5
Suppose 21*u = -21*u - 672. Let o(t) = 4*t**2 + 20*t - 16. What is the hundreds digit of o(u)?
6
Let y = 222 + -208. Let v = y - -213. What is the units digit of v?
7
Let y be (-1817 - 5)*1/(-2). Let m = -81 + y. What is the hundreds digit of m?
8
Let k(y) = 2*y**2 + 70*y - 46. What is the hundreds digit of k(-44)?
7
Suppose -16 = 3*r - 4*d - 39, -3*d + 9 = 3*r. Suppose -5 = r*j - 6*j. Suppose -j*m + 178 = -322. What is the tens digit of m?
0
Let o(w) = -9*w - 68. Let s be o(8). What is the tens digit of (200/s)/((-1)/385)?
5
Suppose 4*n = 2*q - 9480, 0 = 3*q + q - 4*n - 18944. Suppose 7*s + 7*s = q. What is the units digit of s?
8
Suppose -4*r = -6*r - q + 7053, 0 = 2*r - 4*q - 7068. Suppose r = -319*z + 325*z. What is the units digit of z?
8
Let n(d) = 3712*d**2 + 11*d + 10. Let g be n(-1). Let y = g + -2135. What is the hundreds digit of y?
5
Let i = 1731 + 6232. What is the units digit of i?
3
Suppose 4*d + 7 = -61. Let f(n) = -20*n + 4*n**2 + 18 - 49*n**2 + 12 - 5*n**2 + 49*n**2. What is the tens digit of f(d)?
8
Let n = 23267 - 14818. What is the units digit of n?
9
Suppose 5*l = 7*m - 2*m, l = 2*m. Suppose m = 25*s - 1734 + 284. What is the units digit of s?
8
Suppose -13*p = -9*p - 8. Suppose -p*l + 8 = 2*l - 2*w, 4*w + 16 = -3*l. Suppose -2*s - 19 = -2*a + 185, l = -a - 4*s + 127. What is the tens digit of a?
0
Let r = 38620 - 18603. What is the hundreds digit of r?
0
Suppose -264*g + 208230 = -253*g. Suppose -253*n - g = -268*n. What is the hundreds digit of n?
2
Let i(k) = 11*k**3 - 4*k**2 + 5*k - 2. Let a be i(1). Suppose -a = 3*b - 4. Let m(f) = -40*f - 21. What is the tens digit of m(b)?
5
Let m(n) = n**3 - 14*n**2 - 17*n + 31. Let o(p) = -7*p - 48. Let s be o(-9). Let h be m(s). Suppose -2*g - 3 = h, -2*j - g = -192. What is the tens digit of j?
9
Let f be (-11122)/(-5) - (-3 - (-68)/20). Suppose 2*j = -3*g + f, -3*j + 1916 = g - 1434. What is the thousands digit of j?
1
Let t be (-8)/((-8)/(-2164)*-1). Let l = -964 + t. What is the tens digit of l?
0
Suppose -46*r + 44*r + 6 = 0. Suppose 0 = s + r*u - 20, 3*s + 5*u = 8*s - 20. Suppose -s*g + 773 = -35. What is the hundreds digit of g?
1
Let p = 59489 + -38942. What is the tens digit of p?
4
Let o(k) = -k**2 - 7*k + 11. Let v(u) = -3*u + 22. Let y be v(10). Let c be o(y). What is the hundreds digit of ((-618)/(-6))/(c - 2)?
1
Let a = -12487 - -8796. What is the hundreds digit of (-7 - a/3) + (-8)/6?
2
Suppose 8*r - 40 + 0 = 0. Let d(p) = 5*p**2 - 9*p + 1. What is the tens digit of d(r)?
8
Let p(x) be the second derivative of 7*x**3/3 - 3*x**2 - 12*x. Let r be p(7). Suppose 0 = -2*j + r + 90. What is the units digit of j?
1
Suppose -6*o = -7*o + 19. Suppose g - 360 = -i, 0 = -4*g - o*i + 16*i + 1436. What is the tens digit of g?
5
Let s be (-3 - -3)*((-28)/21)/4. Suppose s = u - 466 - 316. What is the hundreds digit of u?
7
Suppose 5*p = 4*h + 2*p + 969, -4*p - 4 = 0. Let r = h + 448. Suppose 5*i - r = -4*x - x, 3*i + 5*x = 115. What is the units digit of i?
5
Suppose -2*u - 32 = -10*u. Suppose 557 = u*q - 431. What is the tens digit of q?
4
Let o = 21638 + -12206. What is the hundreds digit of o?
4
Let b(q) = -3471*q**3 + 3*q**2 - 80*q - 160. What is the tens digit of b(-2)?
8
Let b = -371 + 809. Suppose 4*f - 3*w = b, 0*f - 5*w = 5*f - 565. What is the units digit of f?
1
Suppose 12 = 2*i + 2*c - 8, c + 15 = 4*i. Suppose 0 = -4*a - 3*x + 5950, 5952 = 4*a - x + i*x. What is the hundreds digit of a?
4
Let k(h) = 13*h - 337. Let w be k(27). Suppose 1672 + 428 = w*r. What is the hundreds digit of r?
1
Let j(l) = -l**2 - 52*l + 588. What is the hundreds digit of j(-46)?
8
Let p(l) = 6*l**2 - 7*l - 14. Let d be p(13). Suppose -3*c = -3*o + d, 5*o - 1487 = -3*c + c. What is the hundreds digit of o?
2
Let g(n) = n. Let z(i) = i**3 + 12*i**2 + 23*i + 7. Let q(r) = -g(r) + z(r). What is the tens digit of q(-9)?
5
Suppose 0 = 10*i + 123 + 237. Let l be (-224)/i + -6 - (-22)/(-18). What is the units digit of (-1939)/(-63) - l/((-18)/(-4))?
1
Let o(m) be the first derivative of -97*m**2/2 - 4*m + 35. What is the tens digit of o(-4)?
8
What is the units digit of 14068 + (2 - -16)*(32/(-8))/(-24)?
1
Let j be -1*14/(-6 - (-4 + 0)). Let f(y) = -53*y - 47. Let z be f(j). Let a = -224 - z. What is the tens digit of a?
9
Let w = -2 + 18. Let h be w/3 + (-16)/12. Let g = h + 4. What is the units digit of g?
8
Let c(v) = 211*v + 656. What is the units digit of c(37)?
3
Let r = -32 - -39. Let l(o) = o**3 - 8*o**2 + 10*o - 15. Let a be l(r). What is the units digit of (a/30 + (-26)/5)*-7?
5
Let x(s) = s**2 - 13*s + 32. Let r be x(10). Suppose r*w - 193 - 41 = 0. What is the units digit of w?
7
Let u(s) = -s**3 + 15*s**2 + 17*s - 14. Let j be u(16). Let k be j + (198142/49 - 4/(-14)). Suppose -14*x = 3*x - k. What is the hundreds digit of x?
2
Suppose -l + 25924 = 2*x, -5*l - 80223 = -x - 209821. Suppose l - 8006 = 13*s. What is the thousands digit of s?
1
Suppose 16 - 76 = -2*n. Let j be (n/8)/(14/(-56)). What is the tens digit of j/(-60) - (-247)/4?
6
Let y(p) = -p**2 - 10*p. Suppose -160 = -5*j - 0*j. Suppose -j = 5*o + 3*h, -4*h = 2*o - 5*o - 25. What is the tens digit of y(o)?
2
What is the units digit of 18/33 - (-333000)/66?
6
Let w(z) = 1436*z**2 - 15*z + 31. What is the units digit of w(2)?
5
Let a = 54514 + -36532. What is the tens digit of a?
8
Let z(m) = -115*m + 142. What is the thousands digit of z(-71)?
8
Suppose 3*d + 2*d = -p + 21, 5*d = -2*p + 17. Suppose 0*t = -d*t + 3750. Suppose -296 = -2*a - h, -3*h - 2*h + t = 5*a. What is the tens digit of a?
4
Let w(s) = s**2 + 2*s + 1. Let q(u) = 696*u**2 + 7*u + 1. Let n(v) = q(v) - 4*w(v). What is the units digit of n(-1)?
0
Let a = 14993 + -4580. What is the units digit of a?
3
What is the thousands digit of 9 + (-14 - -6) + 7160/1?
7
Let u(t) = t**2 - 7*t + 9. Let l be u(6). Suppose 5*w - 2*m - l - 7 = 0, 4*w - 4*m = 8. Suppose w*g + g + 3*p = 369, -4*p = -12. What is the tens digit of g?
2
Let h = -255 + 260. What is the units digit of h*(-2)/2 + 0 + 119?
4
Let o(p) = -p**3 + 2*p**2 + 286*p + 20. Let t be o(18). Let y(g) = -g**2 - 2*g - 3. Let f be y(-2). What is the tens digit of f/(((-9)/t)/(-9))?
4
Suppose 54223 = 7*y - 158458. What is the tens digit of y?
8
Suppose -2*o - 177 + 185 = 0. Let b(n) = 5*n**2 - 9*n - 1. What is the units digit of b(o)?
3
Let n(o) = 2*o**2 + 18*o - 416. Let v be n(-55). Suppose 72*j + 2*w + v = 76*j, -4*j + 4644 = 3*w. What is the units digit of j?
1
Let y = -34 + -10. Let w = 41 + y. What is the tens digit of (0 - (-3 - w)) + 3 - -108?
1
Suppose -5*z - 4*y = -151468, -30298 = -z + 224*y - 227*y. What is the ten thousands digit of z?
3
Suppose 0 = 5*a - 11*a + 1812. Let m = a + -90. What is the hundreds digit of m?
2
Let m be (-7 - 4)/((-2)/14). Let i = 231 - m. What is the hundreds digit of i?
1
Let d = 17 + 259. Let u = d + -145. What is the tens digit of u?
3
Let d(v) = 435*v - 3. Suppose 18 = w + 13. Let o be d(w). What is the tens digit of o/34 + 2/17?
6
Suppose 2*o + 173 - 9 = 4*k, -4*k - 2*o + 180 = 0. Suppose -k*y + 48*y = -20. What is the hundreds digit of (26/y)/(135/34 - 4)?
2
Suppose -10*h + 28207 = -7*h + 4*x, 0 = -2*h - 3*x + 188